 k*m - 17 = y. What are the prime factors of y?
2
Let c = 12 + 6. Suppose 33 = -8*z + 5*z. Let k = z + c. List the prime factors of k.
7
Suppose 4*s = -8 + 28. List the prime factors of (-2)/s - 22/(-5).
2
Let i = -8 - -4. Let x(h) = 14*h**3 + h. Let j be x(-1). List the prime factors of j/10 + (-26)/i.
5
Let v be -3 - (-4)/2 - -1. Suppose -3*k - 7 + 49 = v. What are the prime factors of k?
2, 7
Suppose -58 = -6*h + 4*h. What are the prime factors of h?
29
List the prime factors of (3*-1)/((-3)/(-135)*-1).
3, 5
Suppose -34*b + 525 = -29*b. List the prime factors of b.
3, 5, 7
Let f(v) = 139*v**2 - 2*v - 3. What are the prime factors of f(-1)?
2, 3, 23
Let b = -2 - -12. What are the prime factors of b?
2, 5
Let b = -3 + 40. List the prime factors of b.
37
Let g(p) = 2*p**2 - 4*p + 26. What are the prime factors of g(6)?
2, 37
Suppose 2*x = x + 4. Suppose x*f - 4 - 20 = 0. What are the prime factors of f?
2, 3
Let c = 6 + -3. Suppose -c*d = -2*d - 7. List the prime factors of d.
7
Let p(a) = 27*a**2. Suppose d = 2*d - 2*k - 11, 2*k + 8 = -2*d. Let u be p(d). Suppose -43 - u = -5*j. List the prime factors of j.
2, 7
Let a = 442 - 314. What are the prime factors of a?
2
Suppose x - 2*x = 44. Let y = -26 - x. What are the prime factors of y?
2, 3
Let m be 3 - (2 - 3)/1. Suppose f + 1 = g + 5, 3*f + 5*g + m = 0. Suppose -a + 23 = f. What are the prime factors of a?
3, 7
Suppose -2*p = -6*p - 4*j + 4, 4 = -3*p + 4*j. Suppose -t + 2*t - 3 = p. What are the prime factors of t?
3
Suppose 434 = 5*w + 2*w. What are the prime factors of w?
2, 31
Let u be (-77 + -1)/(-2) + 1. Suppose -r + 46 = 2*a - 14, -3*a = r - 89. Let m = u - a. List the prime factors of m.
11
Let h(a) = -3*a - 7. Let l be h(-8). Suppose -b - w + 17 = 0, b - 6 = 5*w + l. What are the prime factors of b?
2, 3
Suppose 69 = 4*p - 3*l + 6*l, 5*p = 3*l + 93. List the prime factors of p.
2, 3
Suppose 3*d - 905 = -2*k, -2*k + 1712 = 5*d + 209. What are the prime factors of d?
13, 23
Suppose -j + 4*j = 12, 3*x - 18 = -3*j. Let y(g) = 6*g**3 - 2*g**2 + 2*g - 2. What are the prime factors of y(x)?
2, 3, 7
Let d be ((-3)/(-9))/((-1)/9). Let s be (8/(-6))/(-4)*d. List the prime factors of s/2 + (-116)/(-8).
2, 7
Suppose -o + 3*l + 4 + 7 = 0, 0 = 3*l + 15. Let w(r) = r**2 + 4*r + 5. Let x be w(o). Suppose 2*d = x*n + 23, -n + 4 = 2*d - 1. List the prime factors of d.
2
Let q(u) = -u - 1. Suppose -6 = -3*g - 3*f, f + 0*f = 5. Let v be q(g). Suppose -5*x - 2*s = -55 - 14, 2*s + 36 = v*x. What are the prime factors of x?
3, 5
Suppose 0 = -3*n + 9, 3*n = -3*b + 3 + 6. Let s = b + 10. List the prime factors of s.
2, 5
Let v(c) = c**3 - 11*c**2 + 12*c - 7. Let g be v(10). Let i = g + -1. What are the prime factors of i?
2, 3
Suppose 4*l - 64 = -0*l. List the prime factors of l.
2
Let k = 8 + -3. Let f(t) = -t**2 + 6*t + 5. List the prime factors of f(k).
2, 5
Let z(j) be the second derivative of j**5/20 - 7*j**4/12 + 9*j**2/2 + 2*j. Let x be z(7). Suppose 6 = 5*m - x. List the prime factors of m.
3
Suppose -4*i + 0*d = -3*d + 27, 0 = -3*i - d - 17. Let l be (-3)/2*2*-1. List the prime factors of (l/(-2))/(i/44).
11
Suppose -5*u = -74 - 321. What are the prime factors of u?
79
Suppose 180 = 7*a - 5*a. List the prime factors of a.
2, 3, 5
Suppose -3*o + 4 + 2 = 0. Suppose -12 + 78 = o*r. List the prime factors of r.
3, 11
Suppose 2*f = -5*x + 28, -x - 4*x + f + 16 = 0. List the prime factors of x.
2
Let w(y) = 37*y - 1. List the prime factors of w(2).
73
Let t(u) = -5*u**2 + 3*u + 4. Suppose 0*j = -2*j - 8. Let c(d) = -d**2 - d. Let g(x) = j*c(x) + t(x). What are the prime factors of g(6)?
2, 5
Let m = 67 - 36. List the prime factors of m.
31
Suppose 4*z = 4, 5*h + 4*z - 484 = 2*h. What are the prime factors of h?
2, 5
Let v(a) be the second derivative of 0*a**3 - 11/20*a**5 - 3*a + 0*a**2 + 1/12*a**4 + 0. List the prime factors of v(-1).
2, 3
Let t = -1 - -1. Suppose t*x = x - 11. What are the prime factors of x?
11
Let k = 12 + -7. Suppose -2*c + 3*l = -4 - 2, k*l = 2*c - 2. List the prime factors of c.
2, 3
Let g = 2 - 1. What are the prime factors of g + 0 + (3 - -8)?
2, 3
Let w = 6 + -8. List the prime factors of 16/(-6)*12/w.
2
Let w(s) be the second derivative of s**4/6 + 2*s**3/3 - 5*s**2/2 - 3*s. What are the prime factors of w(-4)?
11
Suppose 2*f - 6*f = -72. Suppose i - 4*c = 17, 0 = 3*i - 4*c - f - 9. Suppose -5*l + 4*l + i = 0. What are the prime factors of l?
5
List the prime factors of (-10 - -4)*18/(-4).
3
List the prime factors of 1340/12 - (-4)/12.
2, 7
Suppose -508 = -5*t + 2*y + y, -192 = -2*t + 4*y. List the prime factors of t.
2, 13
Let j = 103 - 213. Let g be (-4)/10 + j/(-25). Suppose -g*d + 6 + 14 = 0. What are the prime factors of d?
5
Let f(p) = p**2 - 6*p - 5. Let k be f(7). Suppose 0 = -4*q + 5*y - 21 - 30, -k*y = 3*q + 44. List the prime factors of (-116)/q - 4/14.
2
Let n = -2 - -31. List the prime factors of n.
29
Let d(z) = 6*z**2 + z - 4. What are the prime factors of d(-2)?
2, 3
Let t(h) = -3*h - 8. Let s be (0 - 3) + (-6)/(-3). Let o = s - 5. What are the prime factors of t(o)?
2, 5
Let h = 91 - 64. What are the prime factors of h?
3
Let x(h) = 3*h**2 + h. Let c be x(-1). Suppose -6*u - 34 = -o - c*u, u + 75 = 5*o. Suppose -o = -4*l + 58. What are the prime factors of l?
2, 3
Let r(b) = 3*b + 13. What are the prime factors of r(15)?
2, 29
Let n = -22 + 108. What are the prime factors of n?
2, 43
Let v be 36*(-2)/(24/(-9)). Suppose -4*l = v + 1. Let w = l - -16. List the prime factors of w.
3
Let k(u) = u**2 - 9*u + 21. What are the prime factors of k(8)?
13
Suppose 4*g = 161 + 19. List the prime factors of g.
3, 5
What are the prime factors of 2 - 297/(-36)*1*8?
2, 17
Let b(l) = -l + 1. Let r(i) = -3*i**2 + i + 6. Let n(x) = 3*b(x) - r(x). Let q be n(-2). Let k = -11 + q. What are the prime factors of k?
2, 3
Let w(f) = -f**3 + 10*f**2 - 8*f + 3. Let p be w(8). Suppose 5*k - p = -2. List the prime factors of k.
13
Let y(k) = 8*k**2 - k - 14. List the prime factors of y(-5).
191
Suppose 35 = 5*j - 4*j. What are the prime factors of j?
5, 7
Let w(o) = -o**2 + 9*o + 3. Let q be w(10). Suppose m + b = -10, 0 = 5*m - 4*b + b + 74. Let v = q - m. What are the prime factors of v?
2, 3
Let p be 1 - 24 - 1*-2. Let m = -3 + -9. Let o = m - p. List the prime factors of o.
3
Let t = 50 + -27. Let h = -5 + t. What are the prime factors of h?
2, 3
Let t(f) = f**3 - 7*f**2 + 3*f - 2. What are the prime factors of t(7)?
19
Let x = -111 - -264. Suppose -5*i - 3*g = -x, 0 = -5*i - g + 67 + 94. List the prime factors of i.
3, 11
Let u = 1 - -3. Suppose -3*a = -h + 23, u*h + 3*a - 17 = -0*a. Suppose -2*n + h = 2*n. What are the prime factors of n?
2
Let u(s) = 14*s - 2. Let a(d) = d**3 - 2*d**2 - 2*d - 1. Let n be a(3). List the prime factors of u(n).
2, 13
Let x(p) = p**2 - 5*p + 6. What are the prime factors of x(5)?
2, 3
Let y(z) = z**2 + 14*z + 4. Let o(r) = r**2 + 13*r + 5. Let a(n) = -4*o(n) + 3*y(n). Let x be a(-9). Let g = 4 + x. List the prime factors of g.
5
Let g be 4 - (-20)/(-4)*-2. List the prime factors of (-26)/(-91) - (-52)/g.
2
Suppose 6*g - 2*g + 1268 = 4*t, 3*t - 5*g = 957. Suppose -5*n + t = -4*q, -119 = -2*n - 9*q + 4*q. What are the prime factors of n?
2, 31
Let l(d) = d - 1. Let w be l(4). Suppose 2*b + 3*j = -0*b + 50, 5*j = w*b - 37. List the prime factors of b.
19
Let k = 15 + -22. Let y = k + 11. List the prime factors of y.
2
Let r = 30 + 41. What are the prime factors of r?
71
Let y = 11 - 8. List the prime factors of y.
3
Suppose -v - 18 = -4*v. Let s = v + 3. List the prime factors of s.
3
What are the prime factors of (-1)/(-3) + 1/(21/7910)?
13, 29
Suppose t = -3*t + 60. Suppose -6*a + 2*a - g = -t, 12 = 4*g. What are the prime factors of a?
3
List the prime factors of -2 + 219 - 1/((-5)/10).
3, 73
Let l(b) = -b**2 - 5*b - 2. Let x be l(-3). Let w = -5 + 11. What are the prime factors of ((-14)/x)/((-3)/w)?
7
Let d = 89 - 45. What are the prime factors of d?
2, 11
Let a = 153 + -77. What are the prime factors of a?
2, 19
Let l(y) = -y**3 - 6*y**2 + 5*y + 9. Suppose 21 = -4*v + v. What are the prime factors of l(v)?
23
Let n(o) = -o - 11. Let m be n(-9). Suppose -4*p - 24 = 2*f - 6, -5*f = -4*p + 3. List the prime factors of f/(-6)*m - -9.
2
Let o(k) = 3